{"id":465,"date":"2015-07-14T03:50:14","date_gmt":"2015-07-14T01:50:14","guid":{"rendered":"http:\/\/www.donnainfedele.com\/blog\/?page_id=465"},"modified":"2015-07-14T03:50:14","modified_gmt":"2015-07-14T01:50:14","slug":"incontra-donne-infedeli-a-trento","status":"publish","type":"page","link":"https:\/\/www.donnainfedele.com\/blog\/incontra-donne-infedeli-a-trento\/","title":{"rendered":"Incontra donne infedeli a Trento"},"content":{"rendered":"<h2>Incontri extraconiugali a Trento e provincia<\/h2>\n<p>La bellissima Trento, tra le citt\u00e0 italiane con la miglior qualit\u00e0 della vita, pullula di donne seducenti e affascinanti. Tra queste alcune ragazze e donne, seppur impegnate, desiderano di tanto in tanto di affacciarsi nel mondo dell&#8217;infedelt\u00e0. Magari solo per capire se \u00e8 il caso di farsi un amante. Oppure per giocare con un po&#8217; di sexting, una parentesi disimpegnata tra le incombenze quotidiane. Ti stai chiedendo dove incontrare queste ragazze? La risposta \u00e8 una e secca: sul web!<\/p>\n<h2>Ecco come funziona il tradimento 2.0<\/h2>\n<p>Facciamo un salto indietro nel tempo. Solo 50 o 60 anni fa i tradimenti erano diffusi ma non quanto oggi, e le opportunit\u00e0 di incontro infedele decisamente ridotte. Si comunicava con lettere o incontri fugaci, poi con telefonate veloci dalle cabine. Con l&#8217;arrivo di internet e del web 2.0 anche <strong>il tradimento \u00e8 cambiato<\/strong>: le coppie sono pi\u00f9 promiscue, e le donne esigono di provare piacere cercando le loro piccole scappatelle, anche di una sola notte. Siamo nell&#8217;era del <a title=\"poliamore e tradimenti\" href=\"http:\/\/it.wikipedia.org\/wiki\/Poliamore\" target=\"_blank\">poliamore<\/a>, ed anche l&#8217;infedelt\u00e0 \u00e8 all&#8217;ordine del giorno!<\/p>\n<h2>Incontri sicuri e infedeli con Donnainfedele<\/h2>\n<p>Sono sempre di pi\u00f9 le persone alla ricerca di occasioni di incontri infedeli. Ecco perch\u00e8 abbiamo creato Donnainfedele: per dare ad uomini e donne che vogliono tradire l&#8217;opportunit\u00e0 di osservarsi, parlare e conoscersi. Magari scoprendo nuove e intriganti sintonie.\u00a0Anche in Trentino molte donne sono insoddisfatte della vita di coppia, ma non per questo scelgono di rinunciare al sesso: anzi, si rivolgono al web proprio per le infinite opportunit\u00e0 che offre!<\/p>\n<h2>Conosci donne insoddisfatte e disponibili a Trento<\/h2>\n<p>Anche le <strong>donne infedeli a Trento<\/strong> vogliono alcune semplici cose: tanta discrezione e la possibilit\u00e0 di scegliere un uomo in linea con i loro desideri. Ecco perch\u00e8 hanno scelto Donnainfedele: qui possono contare su privacy e sicurezza, ma anche lasciarsi andare alle fantasie pi\u00f9 originali o sconce, senza alcun timore di essere giudicate.<\/p>\n<hr \/>\n<p>&nbsp;<\/p>\n<h3 style=\"text-align: right;\">Mattia, 41 anni, Trento Citt\u00e0<\/h3>\n<blockquote><p>Entrando in questo sito ho scoperto un vero sottobosco che non mi aspettavo! Anch&#8217;io sono sposato, ma non immaginavo che cos\u00ec tante donne della mia regione volessero tradire. Insomma \u00e8 stata una vera sorpresa ma anche una cosa molto molto intrigante, e subito mi sono dato da fare per vivere le mie prime esperienze adultere. Ovviamente sono gi\u00e0 in contatto con un paio di donne molto interessanti&#8230;<\/p><\/blockquote>\n<h3 style=\"text-align: right;\">Cristina, 37 anni, Lavis<\/h3>\n<blockquote><p>Ci sono due tipi di donne che tradiscono: alcune lo fanno con un conoscente o una persona delle loro cerchie. Altre si accorgono che su internet possono conoscere qualsiasi tipologia di uomo, e allora diventano &#8220;drogate&#8221; di web. Ecco, io appartengo a questa seconda categoria: nonostante il matrimonio sono diventata dipendente da Donnainfedele, anche perch\u00e8 asseconda tutte le mie fantasie pi\u00f9 porcelle!<\/p><\/blockquote>\n<h3 style=\"text-align: right;\">Lisa, 30 anni, Trento Centro<\/h3>\n<blockquote><p>Iscrivermi al sito\u00a0\u00e8 servito alla mia autostima: mi sono ritrovata circondata da uomini interessati a me, decine di messaggi! Il bello \u00e8 che qui ho io il potere: loro pendono dalle mie labbra ed io posso scegliere comodamente. Scegliere se tradire o meno il mio ragazzo, e scegliere se limitarmi a giocare e fare un po&#8217; di sesso online.<\/p><\/blockquote>\n","protected":false},"excerpt":{"rendered":"<p>Incontri extraconiugali a Trento e provincia La bellissima Trento, tra le citt\u00e0 italiane con la miglior qualit\u00e0 della vita, pullula di donne seducenti e affascinanti. Tra [&hellip;]<\/p>\n","protected":false},"author":1,"featured_media":0,"parent":0,"menu_order":0,"comment_status":"open","ping_status":"open","template":"","meta":{"spay_email":"","footnotes":""},"class_list":["post-465","page","type-page","status-publish","hentry"],"yoast_head":"<!-- This site is optimized with the Yoast SEO plugin v18.4.1 - https:\/\/yoast.com\/wordpress\/plugins\/seo\/ -->\n<title>Incontra donne infedeli a Trento - Blog del Tradimento<\/title>\n<meta name=\"description\" content=\"Vuoi conoscere e incontrare donne infedeli a Trento? Ecco la soluzione: iscriviti a Donnainfedele e conosci bellissime donne trentine insoddisfatte.\" \/>\n<meta name=\"robots\" content=\"index, follow, max-snippet:-1, max-image-preview:large, max-video-preview:-1\" \/>\n<link rel=\"canonical\" href=\"https:\/\/www.donnainfedele.com\/blog\/incontra-donne-infedeli-a-trento\/\" \/>\n<meta property=\"og:locale\" content=\"it_IT\" \/>\n<meta property=\"og:type\" content=\"article\" \/>\n<meta property=\"og:title\" content=\"Incontra donne infedeli a Trento - Blog del Tradimento\" \/>\n<meta property=\"og:description\" content=\"Vuoi conoscere e incontrare donne infedeli a Trento? Ecco la soluzione: iscriviti a Donnainfedele e conosci bellissime donne trentine insoddisfatte.\" \/>\n<meta property=\"og:url\" content=\"https:\/\/www.donnainfedele.com\/blog\/incontra-donne-infedeli-a-trento\/\" \/>\n<meta property=\"og:site_name\" content=\"Blog del Tradimento\" \/>\n<meta name=\"twitter:label1\" content=\"Tempo di lettura stimato\" \/>\n\t<meta name=\"twitter:data1\" content=\"3 minuti\" \/>\n<script type=\"application\/ld+json\" class=\"yoast-schema-graph\">{\"@context\":\"https:\/\/schema.org\",\"@graph\":[{\"@type\":\"WebSite\",\"@id\":\"https:\/\/www.donnainfedele.com\/blog\/#website\",\"url\":\"https:\/\/www.donnainfedele.com\/blog\/\",\"name\":\"Blog del Tradimento\",\"description\":\"Le donne sposate e infedeli in cerca di uomini sposati e single\",\"potentialAction\":[{\"@type\":\"SearchAction\",\"target\":{\"@type\":\"EntryPoint\",\"urlTemplate\":\"https:\/\/www.donnainfedele.com\/blog\/?s={search_term_string}\"},\"query-input\":\"required name=search_term_string\"}],\"inLanguage\":\"it-IT\"},{\"@type\":\"WebPage\",\"@id\":\"https:\/\/www.donnainfedele.com\/blog\/incontra-donne-infedeli-a-trento\/#webpage\",\"url\":\"https:\/\/www.donnainfedele.com\/blog\/incontra-donne-infedeli-a-trento\/\",\"name\":\"Incontra donne infedeli a Trento - Blog del Tradimento\",\"isPartOf\":{\"@id\":\"https:\/\/www.donnainfedele.com\/blog\/#website\"},\"datePublished\":\"2015-07-14T01:50:14+00:00\",\"dateModified\":\"2015-07-14T01:50:14+00:00\",\"description\":\"Vuoi conoscere e incontrare donne infedeli a Trento? Ecco la soluzione: iscriviti a Donnainfedele e conosci bellissime donne trentine insoddisfatte.\",\"breadcrumb\":{\"@id\":\"https:\/\/www.donnainfedele.com\/blog\/incontra-donne-infedeli-a-trento\/#breadcrumb\"},\"inLanguage\":\"it-IT\",\"potentialAction\":[{\"@type\":\"ReadAction\",\"target\":[\"https:\/\/www.donnainfedele.com\/blog\/incontra-donne-infedeli-a-trento\/\"]}]},{\"@type\":\"BreadcrumbList\",\"@id\":\"https:\/\/www.donnainfedele.com\/blog\/incontra-donne-infedeli-a-trento\/#breadcrumb\",\"itemListElement\":[{\"@type\":\"ListItem\",\"position\":1,\"name\":\"Home\",\"item\":\"https:\/\/www.donnainfedele.com\/blog\/\"},{\"@type\":\"ListItem\",\"position\":2,\"name\":\"Incontra donne infedeli a Trento\"}]}]}<\/script>\n<!-- \/ Yoast SEO plugin. -->","yoast_head_json":{"title":"Incontra donne infedeli a Trento - Blog del Tradimento","description":"Vuoi conoscere e incontrare donne infedeli a Trento? Ecco la soluzione: iscriviti a Donnainfedele e conosci bellissime donne trentine insoddisfatte.","robots":{"index":"index","follow":"follow","max-snippet":"max-snippet:-1","max-image-preview":"max-image-preview:large","max-video-preview":"max-video-preview:-1"},"canonical":"https:\/\/www.donnainfedele.com\/blog\/incontra-donne-infedeli-a-trento\/","og_locale":"it_IT","og_type":"article","og_title":"Incontra donne infedeli a Trento - Blog del Tradimento","og_description":"Vuoi conoscere e incontrare donne infedeli a Trento? Ecco la soluzione: iscriviti a Donnainfedele e conosci bellissime donne trentine insoddisfatte.","og_url":"https:\/\/www.donnainfedele.com\/blog\/incontra-donne-infedeli-a-trento\/","og_site_name":"Blog del Tradimento","twitter_misc":{"Tempo di lettura stimato":"3 minuti"},"schema":{"@context":"https:\/\/schema.org","@graph":[{"@type":"WebSite","@id":"https:\/\/www.donnainfedele.com\/blog\/#website","url":"https:\/\/www.donnainfedele.com\/blog\/","name":"Blog del Tradimento","description":"Le donne sposate e infedeli in cerca di uomini sposati e single","potentialAction":[{"@type":"SearchAction","target":{"@type":"EntryPoint","urlTemplate":"https:\/\/www.donnainfedele.com\/blog\/?s={search_term_string}"},"query-input":"required name=search_term_string"}],"inLanguage":"it-IT"},{"@type":"WebPage","@id":"https:\/\/www.donnainfedele.com\/blog\/incontra-donne-infedeli-a-trento\/#webpage","url":"https:\/\/www.donnainfedele.com\/blog\/incontra-donne-infedeli-a-trento\/","name":"Incontra donne infedeli a Trento - Blog del Tradimento","isPartOf":{"@id":"https:\/\/www.donnainfedele.com\/blog\/#website"},"datePublished":"2015-07-14T01:50:14+00:00","dateModified":"2015-07-14T01:50:14+00:00","description":"Vuoi conoscere e incontrare donne infedeli a Trento? Ecco la soluzione: iscriviti a Donnainfedele e conosci bellissime donne trentine insoddisfatte.","breadcrumb":{"@id":"https:\/\/www.donnainfedele.com\/blog\/incontra-donne-infedeli-a-trento\/#breadcrumb"},"inLanguage":"it-IT","potentialAction":[{"@type":"ReadAction","target":["https:\/\/www.donnainfedele.com\/blog\/incontra-donne-infedeli-a-trento\/"]}]},{"@type":"BreadcrumbList","@id":"https:\/\/www.donnainfedele.com\/blog\/incontra-donne-infedeli-a-trento\/#breadcrumb","itemListElement":[{"@type":"ListItem","position":1,"name":"Home","item":"https:\/\/www.donnainfedele.com\/blog\/"},{"@type":"ListItem","position":2,"name":"Incontra donne infedeli a Trento"}]}]}},"jetpack_sharing_enabled":true,"jetpack_shortlink":"https:\/\/wp.me\/P9HlMc-7v","_links":{"self":[{"href":"https:\/\/www.donnainfedele.com\/blog\/wp-json\/wp\/v2\/pages\/465","targetHints":{"allow":["GET"]}}],"collection":[{"href":"https:\/\/www.donnainfedele.com\/blog\/wp-json\/wp\/v2\/pages"}],"about":[{"href":"https:\/\/www.donnainfedele.com\/blog\/wp-json\/wp\/v2\/types\/page"}],"author":[{"embeddable":true,"href":"https:\/\/www.donnainfedele.com\/blog\/wp-json\/wp\/v2\/users\/1"}],"replies":[{"embeddable":true,"href":"https:\/\/www.donnainfedele.com\/blog\/wp-json\/wp\/v2\/comments?post=465"}],"version-history":[{"count":1,"href":"https:\/\/www.donnainfedele.com\/blog\/wp-json\/wp\/v2\/pages\/465\/revisions"}],"predecessor-version":[{"id":466,"href":"https:\/\/www.donnainfedele.com\/blog\/wp-json\/wp\/v2\/pages\/465\/revisions\/466"}],"wp:attachment":[{"href":"https:\/\/www.donnainfedele.com\/blog\/wp-json\/wp\/v2\/media?parent=465"}],"curies":[{"name":"wp","href":"https:\/\/api.w.org\/{rel}","templated":true}]}}