{"id":467,"date":"2015-07-14T03:52:06","date_gmt":"2015-07-14T01:52:06","guid":{"rendered":"http:\/\/www.donnainfedele.com\/blog\/?page_id=467"},"modified":"2015-07-14T03:52:06","modified_gmt":"2015-07-14T01:52:06","slug":"incontra-donne-infedeli-a-taranto","status":"publish","type":"page","link":"https:\/\/www.donnainfedele.com\/blog\/incontra-donne-infedeli-a-taranto\/","title":{"rendered":"Incontra donne infedeli a Taranto"},"content":{"rendered":"<h2>Infedelt\u00e0 e tradimenti a Taranto<\/h2>\n<p>Le <strong>donne infedeli a Taranto<\/strong>? Ci sono, anche se magari non le vedi. Si nascondono dietro la vicina insospettabile, la moglie insoddisfatta o la bella passante pensierosa. Cosa vogliono queste donne? Tutte farebbero follie per qualche ora di passione, come cantavano i Matia Bazar. Alcune, magari, hanno gi\u00e0 tradito e vogliono rifarlo, avendo scoperto una nuovissima fonte di piacere. Ora la domanda \u00e8: dove e come incontrare queste donne?<\/p>\n<h2>Pensieri infedeli e giochi su internet<\/h2>\n<p>E&#8217; internet il pi\u00f9 grande alleato delle donne infedeli. Ma anche di quelle ragazze e donne insoddisfatte che ancora non sanno come dare una nuova spinta alla loro vita sessuale e sentimentale. Si, oggi si tradisce con internet, e giornali e <a title=\"infedelet\u00e0 con internet\" href=\"http:\/\/www.francoangeli.it\/Ricerca\/Scheda_libro.aspx?CodiceLibro=239.159\" target=\"_blank\">libri specializzati<\/a> parlano in modo anche molto circostanziato della nuova mania delle &#8220;sbandate virtuali&#8221;. Eppure molte donne non si accontentano del sexting, e se ben stimolate lasciano che i loro pensieri infedeli si trasformino in veri incontri&#8230;<\/p>\n<h2>Su Donnainfedele per conoscere vere donne che tradiscono<\/h2>\n<p>Hai mai sognato un sito dove migliaia di donne infedeli dichiarano apertamente i loro desideri, cercando uomini che possano regalare loro vere notti di passione? Ebbene questo sito oggi esiste: si chiama Donnainfedele ed \u00e8 disegnato su misura per quelle donne che vogliono tradire o semplicemente avere flirt extraconiugali online. Ma anche per l&#8217;uomo, l&#8217;uomo che cerca donne calde e disponibili, donne che sanno cosa vogliono e quando lo vogliono.<\/p>\n<h2>Tarantine infedeli cercano incontri<\/h2>\n<p>Se una donna di Taranto cercasse qualcuno con cui tradire, si rivolgerebbe nella maggioranza dei casi proprio al web. Si, il web perch\u00e9 offre discrezione ed anonimato, ma soprattutto perch\u00e9 permette di conoscere tantissimi uomini anche in pochi minuti. Se vuoi conoscere una donna di Taranto con desideri insoddisfatti, non ti resta che spulciare tra i profili delle pugliesi e lasciarti ammaliare dal loro irresistibile fascino mediterraneo..<\/p>\n<hr \/>\n<p>&nbsp;<\/p>\n<h3 style=\"text-align: right;\">Marcella, 38 anni, Taranto Centro<\/h3>\n<blockquote><p>Perch\u00e9 mi sono iscritta a questo sito? All&#8217;\u00ecnizio, come molte donne che conosco, l&#8217;ho fatto per curiosit\u00e0. Volevo capire cosa si muove in questo mondo sotterraneo, che tipo di persone si trovano. Poi la mia curiosit\u00e0 \u00e8 aumentata, gli uomini mi contattavano e a me veniva voglia di giocare, di approfondire. Ci ho messo quasi un anno per diventare una &#8220;donna infedele&#8221; a tutti gli effetti, ma oramai \u00e8 successo. E continua a succedere.<\/p><\/blockquote>\n<h3 style=\"text-align: right;\">Gigi, 22 anni, Taranto Provincia<\/h3>\n<blockquote><p>Sono Gigi, tarantino e studente universitario. Mi piacciono le milf anche perch\u00e8 la mia prima vera esperienza sessuale l&#8217;ho avuta con una di loro. Ma trovare milf disponibili in citt\u00e0 \u00e8 cos\u00ec difficile. Non puoi mai sapere se ci stanno o meno, se amano i ragazzi. Invece su questo sito le donne parlano chiaro, e tantissime dicono apertamente di cercare ragazzi ventenni come me. Cosa potevo volere di meglio?<\/p><\/blockquote>\n<h3 style=\"text-align: right;\">Roberta, 29 anni, Taranto Periferia<\/h3>\n<blockquote><p>Si vive una volta sola, mi sono detta. E ho scelto di vivere a fondo, di provare emozioni forti. Donnainfedele \u00e8 la mia piccola parentesi di peccato, ci vado ogni volta che cerco qualcosa di particolare, e trovo sempre qualcuno disposto ad accontentarmi!<\/p><\/blockquote>\n<p>&nbsp;<\/p>\n","protected":false},"excerpt":{"rendered":"<p>Infedelt\u00e0 e tradimenti a Taranto Le donne infedeli a Taranto? Ci sono, anche se magari non le vedi. Si nascondono dietro la vicina insospettabile, la moglie [&hellip;]<\/p>\n","protected":false},"author":1,"featured_media":0,"parent":0,"menu_order":0,"comment_status":"open","ping_status":"open","template":"","meta":{"spay_email":"","footnotes":""},"class_list":["post-467","page","type-page","status-publish","hentry"],"yoast_head":"<!-- This site is optimized with the Yoast SEO plugin v18.4.1 - https:\/\/yoast.com\/wordpress\/plugins\/seo\/ -->\n<title>Incontra donne infedeli a Taranto - Blog del Tradimento<\/title>\n<meta name=\"description\" content=\"Per trovare vere donne infedeli a Taranto affidati ad internet: anche le tarantine, infatti, cercano incontri extraconiugali con siti di dating online.\" \/>\n<meta name=\"robots\" content=\"index, follow, max-snippet:-1, max-image-preview:large, max-video-preview:-1\" \/>\n<link rel=\"canonical\" href=\"https:\/\/www.donnainfedele.com\/blog\/incontra-donne-infedeli-a-taranto\/\" \/>\n<meta property=\"og:locale\" content=\"it_IT\" \/>\n<meta property=\"og:type\" content=\"article\" \/>\n<meta property=\"og:title\" content=\"Incontra donne infedeli a Taranto - Blog del Tradimento\" \/>\n<meta property=\"og:description\" content=\"Per trovare vere donne infedeli a Taranto affidati ad internet: anche le tarantine, infatti, cercano incontri extraconiugali con siti di dating online.\" \/>\n<meta property=\"og:url\" content=\"https:\/\/www.donnainfedele.com\/blog\/incontra-donne-infedeli-a-taranto\/\" \/>\n<meta property=\"og:site_name\" content=\"Blog del Tradimento\" \/>\n<meta name=\"twitter:label1\" content=\"Tempo di lettura stimato\" \/>\n\t<meta name=\"twitter:data1\" content=\"3 minuti\" \/>\n<script type=\"application\/ld+json\" class=\"yoast-schema-graph\">{\"@context\":\"https:\/\/schema.org\",\"@graph\":[{\"@type\":\"WebSite\",\"@id\":\"https:\/\/www.donnainfedele.com\/blog\/#website\",\"url\":\"https:\/\/www.donnainfedele.com\/blog\/\",\"name\":\"Blog del Tradimento\",\"description\":\"Le donne sposate e infedeli in cerca di uomini sposati e single\",\"potentialAction\":[{\"@type\":\"SearchAction\",\"target\":{\"@type\":\"EntryPoint\",\"urlTemplate\":\"https:\/\/www.donnainfedele.com\/blog\/?s={search_term_string}\"},\"query-input\":\"required name=search_term_string\"}],\"inLanguage\":\"it-IT\"},{\"@type\":\"WebPage\",\"@id\":\"https:\/\/www.donnainfedele.com\/blog\/incontra-donne-infedeli-a-taranto\/#webpage\",\"url\":\"https:\/\/www.donnainfedele.com\/blog\/incontra-donne-infedeli-a-taranto\/\",\"name\":\"Incontra donne infedeli a Taranto - Blog del Tradimento\",\"isPartOf\":{\"@id\":\"https:\/\/www.donnainfedele.com\/blog\/#website\"},\"datePublished\":\"2015-07-14T01:52:06+00:00\",\"dateModified\":\"2015-07-14T01:52:06+00:00\",\"description\":\"Per trovare vere donne infedeli a Taranto affidati ad internet: anche le tarantine, infatti, cercano incontri extraconiugali con siti di dating online.\",\"breadcrumb\":{\"@id\":\"https:\/\/www.donnainfedele.com\/blog\/incontra-donne-infedeli-a-taranto\/#breadcrumb\"},\"inLanguage\":\"it-IT\",\"potentialAction\":[{\"@type\":\"ReadAction\",\"target\":[\"https:\/\/www.donnainfedele.com\/blog\/incontra-donne-infedeli-a-taranto\/\"]}]},{\"@type\":\"BreadcrumbList\",\"@id\":\"https:\/\/www.donnainfedele.com\/blog\/incontra-donne-infedeli-a-taranto\/#breadcrumb\",\"itemListElement\":[{\"@type\":\"ListItem\",\"position\":1,\"name\":\"Home\",\"item\":\"https:\/\/www.donnainfedele.com\/blog\/\"},{\"@type\":\"ListItem\",\"position\":2,\"name\":\"Incontra donne infedeli a Taranto\"}]}]}<\/script>\n<!-- \/ Yoast SEO plugin. -->","yoast_head_json":{"title":"Incontra donne infedeli a Taranto - Blog del Tradimento","description":"Per trovare vere donne infedeli a Taranto affidati ad internet: anche le tarantine, infatti, cercano incontri extraconiugali con siti di dating online.","robots":{"index":"index","follow":"follow","max-snippet":"max-snippet:-1","max-image-preview":"max-image-preview:large","max-video-preview":"max-video-preview:-1"},"canonical":"https:\/\/www.donnainfedele.com\/blog\/incontra-donne-infedeli-a-taranto\/","og_locale":"it_IT","og_type":"article","og_title":"Incontra donne infedeli a Taranto - Blog del Tradimento","og_description":"Per trovare vere donne infedeli a Taranto affidati ad internet: anche le tarantine, infatti, cercano incontri extraconiugali con siti di dating online.","og_url":"https:\/\/www.donnainfedele.com\/blog\/incontra-donne-infedeli-a-taranto\/","og_site_name":"Blog del Tradimento","twitter_misc":{"Tempo di lettura stimato":"3 minuti"},"schema":{"@context":"https:\/\/schema.org","@graph":[{"@type":"WebSite","@id":"https:\/\/www.donnainfedele.com\/blog\/#website","url":"https:\/\/www.donnainfedele.com\/blog\/","name":"Blog del Tradimento","description":"Le donne sposate e infedeli in cerca di uomini sposati e single","potentialAction":[{"@type":"SearchAction","target":{"@type":"EntryPoint","urlTemplate":"https:\/\/www.donnainfedele.com\/blog\/?s={search_term_string}"},"query-input":"required name=search_term_string"}],"inLanguage":"it-IT"},{"@type":"WebPage","@id":"https:\/\/www.donnainfedele.com\/blog\/incontra-donne-infedeli-a-taranto\/#webpage","url":"https:\/\/www.donnainfedele.com\/blog\/incontra-donne-infedeli-a-taranto\/","name":"Incontra donne infedeli a Taranto - Blog del Tradimento","isPartOf":{"@id":"https:\/\/www.donnainfedele.com\/blog\/#website"},"datePublished":"2015-07-14T01:52:06+00:00","dateModified":"2015-07-14T01:52:06+00:00","description":"Per trovare vere donne infedeli a Taranto affidati ad internet: anche le tarantine, infatti, cercano incontri extraconiugali con siti di dating online.","breadcrumb":{"@id":"https:\/\/www.donnainfedele.com\/blog\/incontra-donne-infedeli-a-taranto\/#breadcrumb"},"inLanguage":"it-IT","potentialAction":[{"@type":"ReadAction","target":["https:\/\/www.donnainfedele.com\/blog\/incontra-donne-infedeli-a-taranto\/"]}]},{"@type":"BreadcrumbList","@id":"https:\/\/www.donnainfedele.com\/blog\/incontra-donne-infedeli-a-taranto\/#breadcrumb","itemListElement":[{"@type":"ListItem","position":1,"name":"Home","item":"https:\/\/www.donnainfedele.com\/blog\/"},{"@type":"ListItem","position":2,"name":"Incontra donne infedeli a Taranto"}]}]}},"jetpack_sharing_enabled":true,"jetpack_shortlink":"https:\/\/wp.me\/P9HlMc-7x","_links":{"self":[{"href":"https:\/\/www.donnainfedele.com\/blog\/wp-json\/wp\/v2\/pages\/467","targetHints":{"allow":["GET"]}}],"collection":[{"href":"https:\/\/www.donnainfedele.com\/blog\/wp-json\/wp\/v2\/pages"}],"about":[{"href":"https:\/\/www.donnainfedele.com\/blog\/wp-json\/wp\/v2\/types\/page"}],"author":[{"embeddable":true,"href":"https:\/\/www.donnainfedele.com\/blog\/wp-json\/wp\/v2\/users\/1"}],"replies":[{"embeddable":true,"href":"https:\/\/www.donnainfedele.com\/blog\/wp-json\/wp\/v2\/comments?post=467"}],"version-history":[{"count":1,"href":"https:\/\/www.donnainfedele.com\/blog\/wp-json\/wp\/v2\/pages\/467\/revisions"}],"predecessor-version":[{"id":468,"href":"https:\/\/www.donnainfedele.com\/blog\/wp-json\/wp\/v2\/pages\/467\/revisions\/468"}],"wp:attachment":[{"href":"https:\/\/www.donnainfedele.com\/blog\/wp-json\/wp\/v2\/media?parent=467"}],"curies":[{"name":"wp","href":"https:\/\/api.w.org\/{rel}","templated":true}]}}