{"id":471,"date":"2015-07-14T03:56:52","date_gmt":"2015-07-14T01:56:52","guid":{"rendered":"http:\/\/www.donnainfedele.com\/blog\/?page_id=471"},"modified":"2015-07-14T03:56:52","modified_gmt":"2015-07-14T01:56:52","slug":"conosci-donne-infedeli-a-san-marino","status":"publish","type":"page","link":"https:\/\/www.donnainfedele.com\/blog\/conosci-donne-infedeli-a-san-marino\/","title":{"rendered":"Conosci donne infedeli a San Marino"},"content":{"rendered":"<h2>Incontrare donne che tradiscono a San Marino<\/h2>\n<p>Il piccolo stato di San Marino \u00e8 una vera oasi immersa tra le pittoresche colline dell&#8217;Appennino Centrale. Non solo un&#8217;oasi fiscale, per\u00f2. Anche a San Marino non mancano le <strong>donne insoddisfatte e vogliose<\/strong>, deluse da anni di matrimonio piatto e senza sesso, o semplicemente in cerca di nuove esperienze. Come intercettare i desideri di queste donne? Troppo difficile scendere in strada e fermarle una per una: basta un buon sito di dating e le opportunit\u00e0 si moltiplicano senza sforzo!<\/p>\n<h2>Le donne insoddisfatte si rivolgono ad internet<\/h2>\n<p>Si, oggi le donne sono pi\u00f9 propense a tradire. Anche solo per una scappatella veloce. E se lo fanno, quasi sempre si rivolgono ad internet. Social network e siti di incontri sono ai primi posti, perch\u00e9\u00a0offrono protezione e al contempo tante opportunit\u00e0 per conoscere nuove persone. Un uomo che cerca donne infedeli, oggi, sul web andr\u00e0 a colpo sicuro, ancor meglio se le cerca su un sito specializzato e di qualit\u00e0.<\/p>\n<h2>Conosci vere adultere su Donnainfedele<\/h2>\n<p>Donnainfedele non \u00e8 un sito come gli altri. Abbiamo pensato alle esigenze di donne ed uomini che vogliono tradire, ma anche ai desideri di chi vuole <strong>incontrare ragazze e donne infedeli<\/strong>, per assaporare il brivido di un incontro piccante. Il sito \u00e8 completo e sicuro, e offre la possibilit\u00e0 di compilare un profilo molto dettagliato, corredato di foto e descrizioni. La ricetta \u00e8 semplice: trova le donne che pi\u00f9 ti interessano, contattale e cattura la loro attenzione!<\/p>\n<h2>Cosa vogliono le donne infedeli di San Marino?<\/h2>\n<p>Anche le <strong>donne infedeli di\u00a0San Marino<\/strong> hanno i loro desideri segreti. Magari c&#8217;\u00e8 alle spalle una vita matrimoniale deludente, o semplice curiosit\u00e0 e desiderio di trasgredire. Sta di fatto che alcune\u00a0donne sammarinesi vogliono le loro parentesi hot fuori dal matrimonio, e spesso le vanno a cercare proprio sul web! Ecco perch\u00e9 un uomo che cerca <strong>donne infedeli a San Marino<\/strong> non pu\u00f2 non passare da internet!<\/p>\n<hr \/>\n<p>&nbsp;<\/p>\n<h3 style=\"text-align: right;\">Maria, 34 anni<\/h3>\n<blockquote><p>San Marino \u00e8 piccola, lo so bene. Ed io sono una donna dai mille desideri. O almeno cado facilmente in tentazione. Troppo difficile incontrare persone se tutti mi conoscono: ecco perch\u00e9 con Donnainfedele ho trovato la soluzione ideale, per conoscere persone in tutta Italia disposte anche ad ospitarmi!<\/p><\/blockquote>\n<h3 style=\"text-align: right;\">Lucio, 29 anni<\/h3>\n<blockquote><p>Esiste! E&#8217; il sito che ho sempre desiderato, nonostante frequenti internet da tanti anni. E&#8217; il sito che ho sempre desiderato perch\u00e9 dedicato solo alle donne infedeli, insomma alle donne insoddisfatte e piene di pensieri peccaminosi. Per un uomo non potrebbe esserci di meglio, anche se queste donne sono molto molto esigenti e richiedono tantissime attenzioni.<\/p><\/blockquote>\n<h3 style=\"text-align: right;\">Antonella, 39 anni<\/h3>\n<blockquote><p>Sono sposata da 6 anni e ho 2 figli. Con \u00a0mio marito alti e bassi, forse pi\u00f9 bassi che alti a dire la verit\u00e0. Poi negli ultimi tempi il desiderio di sentirmi ancora donna, di sentirmi osservata e ammirata. Cos\u00ec ho creato un profilo su Donnainfedele per mostrarmi, anche senza svelare il viso. Cosa intendo fare? Non si sa&#8230; intanto attendo proposte interessanti&#8230;<\/p><\/blockquote>\n","protected":false},"excerpt":{"rendered":"<p>Incontrare donne che tradiscono a San Marino Il piccolo stato di San Marino \u00e8 una vera oasi immersa tra le pittoresche colline dell&#8217;Appennino Centrale. Non solo [&hellip;]<\/p>\n","protected":false},"author":1,"featured_media":0,"parent":0,"menu_order":0,"comment_status":"open","ping_status":"open","template":"","meta":{"spay_email":"","footnotes":""},"class_list":["post-471","page","type-page","status-publish","hentry"],"yoast_head":"<!-- This site is optimized with the Yoast SEO plugin v18.4.1 - https:\/\/yoast.com\/wordpress\/plugins\/seo\/ -->\n<title>Conosci donne infedeli a San Marino - Blog del Tradimento<\/title>\n<meta name=\"description\" content=\"Cosa vogliono le donne infedeli a San Marino? E dove incontrarle? Ecco un sito web per conoscere i desideri segreti delle sammarinesi...\" \/>\n<meta name=\"robots\" content=\"index, follow, max-snippet:-1, max-image-preview:large, max-video-preview:-1\" \/>\n<link rel=\"canonical\" href=\"https:\/\/www.donnainfedele.com\/blog\/conosci-donne-infedeli-a-san-marino\/\" \/>\n<meta property=\"og:locale\" content=\"it_IT\" \/>\n<meta property=\"og:type\" content=\"article\" \/>\n<meta property=\"og:title\" content=\"Conosci donne infedeli a San Marino - Blog del Tradimento\" \/>\n<meta property=\"og:description\" content=\"Cosa vogliono le donne infedeli a San Marino? E dove incontrarle? Ecco un sito web per conoscere i desideri segreti delle sammarinesi...\" \/>\n<meta property=\"og:url\" content=\"https:\/\/www.donnainfedele.com\/blog\/conosci-donne-infedeli-a-san-marino\/\" \/>\n<meta property=\"og:site_name\" content=\"Blog del Tradimento\" \/>\n<meta name=\"twitter:label1\" content=\"Tempo di lettura stimato\" \/>\n\t<meta name=\"twitter:data1\" content=\"2 minuti\" \/>\n<script type=\"application\/ld+json\" class=\"yoast-schema-graph\">{\"@context\":\"https:\/\/schema.org\",\"@graph\":[{\"@type\":\"WebSite\",\"@id\":\"https:\/\/www.donnainfedele.com\/blog\/#website\",\"url\":\"https:\/\/www.donnainfedele.com\/blog\/\",\"name\":\"Blog del Tradimento\",\"description\":\"Le donne sposate e infedeli in cerca di uomini sposati e single\",\"potentialAction\":[{\"@type\":\"SearchAction\",\"target\":{\"@type\":\"EntryPoint\",\"urlTemplate\":\"https:\/\/www.donnainfedele.com\/blog\/?s={search_term_string}\"},\"query-input\":\"required name=search_term_string\"}],\"inLanguage\":\"it-IT\"},{\"@type\":\"WebPage\",\"@id\":\"https:\/\/www.donnainfedele.com\/blog\/conosci-donne-infedeli-a-san-marino\/#webpage\",\"url\":\"https:\/\/www.donnainfedele.com\/blog\/conosci-donne-infedeli-a-san-marino\/\",\"name\":\"Conosci donne infedeli a San Marino - Blog del Tradimento\",\"isPartOf\":{\"@id\":\"https:\/\/www.donnainfedele.com\/blog\/#website\"},\"datePublished\":\"2015-07-14T01:56:52+00:00\",\"dateModified\":\"2015-07-14T01:56:52+00:00\",\"description\":\"Cosa vogliono le donne infedeli a San Marino? E dove incontrarle? Ecco un sito web per conoscere i desideri segreti delle sammarinesi...\",\"breadcrumb\":{\"@id\":\"https:\/\/www.donnainfedele.com\/blog\/conosci-donne-infedeli-a-san-marino\/#breadcrumb\"},\"inLanguage\":\"it-IT\",\"potentialAction\":[{\"@type\":\"ReadAction\",\"target\":[\"https:\/\/www.donnainfedele.com\/blog\/conosci-donne-infedeli-a-san-marino\/\"]}]},{\"@type\":\"BreadcrumbList\",\"@id\":\"https:\/\/www.donnainfedele.com\/blog\/conosci-donne-infedeli-a-san-marino\/#breadcrumb\",\"itemListElement\":[{\"@type\":\"ListItem\",\"position\":1,\"name\":\"Home\",\"item\":\"https:\/\/www.donnainfedele.com\/blog\/\"},{\"@type\":\"ListItem\",\"position\":2,\"name\":\"Conosci donne infedeli a San Marino\"}]}]}<\/script>\n<!-- \/ Yoast SEO plugin. -->","yoast_head_json":{"title":"Conosci donne infedeli a San Marino - Blog del Tradimento","description":"Cosa vogliono le donne infedeli a San Marino? E dove incontrarle? Ecco un sito web per conoscere i desideri segreti delle sammarinesi...","robots":{"index":"index","follow":"follow","max-snippet":"max-snippet:-1","max-image-preview":"max-image-preview:large","max-video-preview":"max-video-preview:-1"},"canonical":"https:\/\/www.donnainfedele.com\/blog\/conosci-donne-infedeli-a-san-marino\/","og_locale":"it_IT","og_type":"article","og_title":"Conosci donne infedeli a San Marino - Blog del Tradimento","og_description":"Cosa vogliono le donne infedeli a San Marino? E dove incontrarle? Ecco un sito web per conoscere i desideri segreti delle sammarinesi...","og_url":"https:\/\/www.donnainfedele.com\/blog\/conosci-donne-infedeli-a-san-marino\/","og_site_name":"Blog del Tradimento","twitter_misc":{"Tempo di lettura stimato":"2 minuti"},"schema":{"@context":"https:\/\/schema.org","@graph":[{"@type":"WebSite","@id":"https:\/\/www.donnainfedele.com\/blog\/#website","url":"https:\/\/www.donnainfedele.com\/blog\/","name":"Blog del Tradimento","description":"Le donne sposate e infedeli in cerca di uomini sposati e single","potentialAction":[{"@type":"SearchAction","target":{"@type":"EntryPoint","urlTemplate":"https:\/\/www.donnainfedele.com\/blog\/?s={search_term_string}"},"query-input":"required name=search_term_string"}],"inLanguage":"it-IT"},{"@type":"WebPage","@id":"https:\/\/www.donnainfedele.com\/blog\/conosci-donne-infedeli-a-san-marino\/#webpage","url":"https:\/\/www.donnainfedele.com\/blog\/conosci-donne-infedeli-a-san-marino\/","name":"Conosci donne infedeli a San Marino - Blog del Tradimento","isPartOf":{"@id":"https:\/\/www.donnainfedele.com\/blog\/#website"},"datePublished":"2015-07-14T01:56:52+00:00","dateModified":"2015-07-14T01:56:52+00:00","description":"Cosa vogliono le donne infedeli a San Marino? E dove incontrarle? Ecco un sito web per conoscere i desideri segreti delle sammarinesi...","breadcrumb":{"@id":"https:\/\/www.donnainfedele.com\/blog\/conosci-donne-infedeli-a-san-marino\/#breadcrumb"},"inLanguage":"it-IT","potentialAction":[{"@type":"ReadAction","target":["https:\/\/www.donnainfedele.com\/blog\/conosci-donne-infedeli-a-san-marino\/"]}]},{"@type":"BreadcrumbList","@id":"https:\/\/www.donnainfedele.com\/blog\/conosci-donne-infedeli-a-san-marino\/#breadcrumb","itemListElement":[{"@type":"ListItem","position":1,"name":"Home","item":"https:\/\/www.donnainfedele.com\/blog\/"},{"@type":"ListItem","position":2,"name":"Conosci donne infedeli a San Marino"}]}]}},"jetpack_sharing_enabled":true,"jetpack_shortlink":"https:\/\/wp.me\/P9HlMc-7B","_links":{"self":[{"href":"https:\/\/www.donnainfedele.com\/blog\/wp-json\/wp\/v2\/pages\/471","targetHints":{"allow":["GET"]}}],"collection":[{"href":"https:\/\/www.donnainfedele.com\/blog\/wp-json\/wp\/v2\/pages"}],"about":[{"href":"https:\/\/www.donnainfedele.com\/blog\/wp-json\/wp\/v2\/types\/page"}],"author":[{"embeddable":true,"href":"https:\/\/www.donnainfedele.com\/blog\/wp-json\/wp\/v2\/users\/1"}],"replies":[{"embeddable":true,"href":"https:\/\/www.donnainfedele.com\/blog\/wp-json\/wp\/v2\/comments?post=471"}],"version-history":[{"count":1,"href":"https:\/\/www.donnainfedele.com\/blog\/wp-json\/wp\/v2\/pages\/471\/revisions"}],"predecessor-version":[{"id":472,"href":"https:\/\/www.donnainfedele.com\/blog\/wp-json\/wp\/v2\/pages\/471\/revisions\/472"}],"wp:attachment":[{"href":"https:\/\/www.donnainfedele.com\/blog\/wp-json\/wp\/v2\/media?parent=471"}],"curies":[{"name":"wp","href":"https:\/\/api.w.org\/{rel}","templated":true}]}}