{"id":479,"date":"2015-07-14T04:10:15","date_gmt":"2015-07-14T02:10:15","guid":{"rendered":"http:\/\/www.donnainfedele.com\/blog\/?page_id=479"},"modified":"2015-07-14T04:10:15","modified_gmt":"2015-07-14T02:10:15","slug":"incontra-donne-infedeli-a-ravenna","status":"publish","type":"page","link":"https:\/\/www.donnainfedele.com\/blog\/incontra-donne-infedeli-a-ravenna\/","title":{"rendered":"Incontra donne infedeli a Ravenna"},"content":{"rendered":"<h2>Dove trovare vere donne infedeli a Ravenna?<\/h2>\n<p>La splendida cittadina romagnola di Ravenna \u00e8 anche ricca di belle ragazze e donne insoddisfatte. Si, perch\u00e9 le donne insoddisfatte sono ovunque e ce ne sono pi\u00f9 di quanto pensi. Donne inappagate per via della routine, ma anche di mariti che non le soddisfano, e che hanno reso la passione solo un ricordo. Queste donne vogliono una seconda occasione, e spesso la cercano online!<\/p>\n<h2>Le donne? Tradiscono e seducono sul web<\/h2>\n<p>Si, pare proprio che il web piaccia molto alle donne infedeli. Quelle donne che, non appagate da mariti e compagni, si sentono attratte da altri uomini e dalla possibilit\u00e0 di nuovi incontri. Insomma: un uomo che cerca donne infedeli sul web andr\u00e0 a colpo sicuro, perch\u00e9 queste donne adorano la protezione e l&#8217;anonimato dei siti di incontri. E&#8217; proprio questa protezione che permette loro di giocare, lasciarsi andare e liberare le fantasie pi\u00f9 sfrenate!<\/p>\n<h2>Incontri facili e sicuri con Donnainfedele<\/h2>\n<p>L&#8217;autostima di una donna, a volte, \u00e8 proporzionale alla quantit\u00e0 di uomini che la circonda. In un sito di incontri la donna pu\u00f2 scegliere liberamente, ma pu\u00f2 farlo anche l&#8217;uomo se conosce cosa fa vibrare le corde di una donna infedele. Su Donnainfedele i flirt e gli incontri extraconiugali sono liberi e all&#8217;ordine del giorno, con infinite possibilit\u00e0 per fare nuove conoscenze. Cosa stai aspettando? Iscriviti, individua la donna che stuzzica la tua fantasia e contattala subito!<\/p>\n<h2>I tuoi peccati extraconiugali a Ravenna<\/h2>\n<p>Anche a Ravenna le donne sono alla ricerca di un brivido che le faccia sentire seducenti, amate e apprezzate. Ma quanto \u00e8 difficile conoscere dal vivo una donna che vuole tradire? Ecco perch\u00e9 rivolgersi ad internet, cercando tra migliaia di donne di tutta Italia e tutte con il pallino dell&#8217;infedelt\u00e0. Un gioco che vale la pena di essere giocato fino in fondo: basta poco per trasformare le fantasie pi\u00f9 stimolanti in realt\u00e0!<\/p>\n<hr \/>\n<p>&nbsp;<\/p>\n<h3 style=\"text-align: right;\">Antonella, 38 anni, Ravenna Centro<\/h3>\n<blockquote><p>Che cos&#8217;\u00e8 il tradimento? Per me un semplice momento di evasione, poi si torna alla vita quotidiana. E in quest&#8217;evasione voglio scegliere l&#8217;uomo dei miei desideri, quello che accende la passione e mi fa vibrare, mi fa sentire femmina e al centro dell&#8217;attenzione. Sono pronta: contattatemi, aspetto proposte di tutti i tipi!<\/p><\/blockquote>\n<h3 style=\"text-align: right;\">Marcello, 31 anni, Mezzano<\/h3>\n<blockquote><p>Ho scoperto da poco che \u00e8 facilissimo conoscere donne online. E l&#8217;ho scoperto grazie a Donnainfedele, un sito che mi ha sorpreso per la grande quantit\u00e0 di bellissime donne che ci sono sopra! La cosa interessante \u00e8 che queste donne hanno veramente voglia di giocare, insomma non sono schizzinose e cercano un uomo stimolante e creativo a letto&#8230;hanno trovato quel che cercavano, mi sa!<\/p><\/blockquote>\n<h3 style=\"text-align: right;\">Eleonora, 25 anni, Ravenna Centro<\/h3>\n<blockquote><p>Mi chiamo Eleonora, fidanzata da 5 anni ma non proprio la persona pi\u00f9 fedele del mondo. Come mai? Semplice: mi piacciono troppo gli uomini! Mi piacciono tutti, ed \u00e8 difficile stare dietro ai miei desideri. Ogni tanto, dunque, ho le mie scappatelle, e da quando ho scoperto Donnainfedele le occasioni si sono ancora moltiplicate!<\/p><\/blockquote>\n<p>&nbsp;<\/p>\n","protected":false},"excerpt":{"rendered":"<p>Dove trovare vere donne infedeli a Ravenna? La splendida cittadina romagnola di Ravenna \u00e8 anche ricca di belle ragazze e donne insoddisfatte. Si, perch\u00e9 le donne [&hellip;]<\/p>\n","protected":false},"author":1,"featured_media":0,"parent":0,"menu_order":0,"comment_status":"open","ping_status":"open","template":"","meta":{"spay_email":"","footnotes":""},"class_list":["post-479","page","type-page","status-publish","hentry"],"yoast_head":"<!-- This site is optimized with the Yoast SEO plugin v18.4.1 - https:\/\/yoast.com\/wordpress\/plugins\/seo\/ -->\n<title>Incontra donne infedeli a Ravenna - Blog del Tradimento<\/title>\n<meta name=\"description\" content=\"Lo sapevi che ci sono moltissime donne infedeli a Ravenna? Ecco come conoscerle grazie al web e a un sito per incontri extraconiugali bollenti.\" \/>\n<meta name=\"robots\" content=\"index, follow, max-snippet:-1, max-image-preview:large, max-video-preview:-1\" \/>\n<link rel=\"canonical\" href=\"https:\/\/www.donnainfedele.com\/blog\/incontra-donne-infedeli-a-ravenna\/\" \/>\n<meta property=\"og:locale\" content=\"it_IT\" \/>\n<meta property=\"og:type\" content=\"article\" \/>\n<meta property=\"og:title\" content=\"Incontra donne infedeli a Ravenna - Blog del Tradimento\" \/>\n<meta property=\"og:description\" content=\"Lo sapevi che ci sono moltissime donne infedeli a Ravenna? Ecco come conoscerle grazie al web e a un sito per incontri extraconiugali bollenti.\" \/>\n<meta property=\"og:url\" content=\"https:\/\/www.donnainfedele.com\/blog\/incontra-donne-infedeli-a-ravenna\/\" \/>\n<meta property=\"og:site_name\" content=\"Blog del Tradimento\" \/>\n<meta name=\"twitter:label1\" content=\"Tempo di lettura stimato\" \/>\n\t<meta name=\"twitter:data1\" content=\"2 minuti\" \/>\n<script type=\"application\/ld+json\" class=\"yoast-schema-graph\">{\"@context\":\"https:\/\/schema.org\",\"@graph\":[{\"@type\":\"WebSite\",\"@id\":\"https:\/\/www.donnainfedele.com\/blog\/#website\",\"url\":\"https:\/\/www.donnainfedele.com\/blog\/\",\"name\":\"Blog del Tradimento\",\"description\":\"Le donne sposate e infedeli in cerca di uomini sposati e single\",\"potentialAction\":[{\"@type\":\"SearchAction\",\"target\":{\"@type\":\"EntryPoint\",\"urlTemplate\":\"https:\/\/www.donnainfedele.com\/blog\/?s={search_term_string}\"},\"query-input\":\"required name=search_term_string\"}],\"inLanguage\":\"it-IT\"},{\"@type\":\"WebPage\",\"@id\":\"https:\/\/www.donnainfedele.com\/blog\/incontra-donne-infedeli-a-ravenna\/#webpage\",\"url\":\"https:\/\/www.donnainfedele.com\/blog\/incontra-donne-infedeli-a-ravenna\/\",\"name\":\"Incontra donne infedeli a Ravenna - Blog del Tradimento\",\"isPartOf\":{\"@id\":\"https:\/\/www.donnainfedele.com\/blog\/#website\"},\"datePublished\":\"2015-07-14T02:10:15+00:00\",\"dateModified\":\"2015-07-14T02:10:15+00:00\",\"description\":\"Lo sapevi che ci sono moltissime donne infedeli a Ravenna? Ecco come conoscerle grazie al web e a un sito per incontri extraconiugali bollenti.\",\"breadcrumb\":{\"@id\":\"https:\/\/www.donnainfedele.com\/blog\/incontra-donne-infedeli-a-ravenna\/#breadcrumb\"},\"inLanguage\":\"it-IT\",\"potentialAction\":[{\"@type\":\"ReadAction\",\"target\":[\"https:\/\/www.donnainfedele.com\/blog\/incontra-donne-infedeli-a-ravenna\/\"]}]},{\"@type\":\"BreadcrumbList\",\"@id\":\"https:\/\/www.donnainfedele.com\/blog\/incontra-donne-infedeli-a-ravenna\/#breadcrumb\",\"itemListElement\":[{\"@type\":\"ListItem\",\"position\":1,\"name\":\"Home\",\"item\":\"https:\/\/www.donnainfedele.com\/blog\/\"},{\"@type\":\"ListItem\",\"position\":2,\"name\":\"Incontra donne infedeli a Ravenna\"}]}]}<\/script>\n<!-- \/ Yoast SEO plugin. -->","yoast_head_json":{"title":"Incontra donne infedeli a Ravenna - Blog del Tradimento","description":"Lo sapevi che ci sono moltissime donne infedeli a Ravenna? Ecco come conoscerle grazie al web e a un sito per incontri extraconiugali bollenti.","robots":{"index":"index","follow":"follow","max-snippet":"max-snippet:-1","max-image-preview":"max-image-preview:large","max-video-preview":"max-video-preview:-1"},"canonical":"https:\/\/www.donnainfedele.com\/blog\/incontra-donne-infedeli-a-ravenna\/","og_locale":"it_IT","og_type":"article","og_title":"Incontra donne infedeli a Ravenna - Blog del Tradimento","og_description":"Lo sapevi che ci sono moltissime donne infedeli a Ravenna? Ecco come conoscerle grazie al web e a un sito per incontri extraconiugali bollenti.","og_url":"https:\/\/www.donnainfedele.com\/blog\/incontra-donne-infedeli-a-ravenna\/","og_site_name":"Blog del Tradimento","twitter_misc":{"Tempo di lettura stimato":"2 minuti"},"schema":{"@context":"https:\/\/schema.org","@graph":[{"@type":"WebSite","@id":"https:\/\/www.donnainfedele.com\/blog\/#website","url":"https:\/\/www.donnainfedele.com\/blog\/","name":"Blog del Tradimento","description":"Le donne sposate e infedeli in cerca di uomini sposati e single","potentialAction":[{"@type":"SearchAction","target":{"@type":"EntryPoint","urlTemplate":"https:\/\/www.donnainfedele.com\/blog\/?s={search_term_string}"},"query-input":"required name=search_term_string"}],"inLanguage":"it-IT"},{"@type":"WebPage","@id":"https:\/\/www.donnainfedele.com\/blog\/incontra-donne-infedeli-a-ravenna\/#webpage","url":"https:\/\/www.donnainfedele.com\/blog\/incontra-donne-infedeli-a-ravenna\/","name":"Incontra donne infedeli a Ravenna - Blog del Tradimento","isPartOf":{"@id":"https:\/\/www.donnainfedele.com\/blog\/#website"},"datePublished":"2015-07-14T02:10:15+00:00","dateModified":"2015-07-14T02:10:15+00:00","description":"Lo sapevi che ci sono moltissime donne infedeli a Ravenna? Ecco come conoscerle grazie al web e a un sito per incontri extraconiugali bollenti.","breadcrumb":{"@id":"https:\/\/www.donnainfedele.com\/blog\/incontra-donne-infedeli-a-ravenna\/#breadcrumb"},"inLanguage":"it-IT","potentialAction":[{"@type":"ReadAction","target":["https:\/\/www.donnainfedele.com\/blog\/incontra-donne-infedeli-a-ravenna\/"]}]},{"@type":"BreadcrumbList","@id":"https:\/\/www.donnainfedele.com\/blog\/incontra-donne-infedeli-a-ravenna\/#breadcrumb","itemListElement":[{"@type":"ListItem","position":1,"name":"Home","item":"https:\/\/www.donnainfedele.com\/blog\/"},{"@type":"ListItem","position":2,"name":"Incontra donne infedeli a Ravenna"}]}]}},"jetpack_sharing_enabled":true,"jetpack_shortlink":"https:\/\/wp.me\/P9HlMc-7J","_links":{"self":[{"href":"https:\/\/www.donnainfedele.com\/blog\/wp-json\/wp\/v2\/pages\/479","targetHints":{"allow":["GET"]}}],"collection":[{"href":"https:\/\/www.donnainfedele.com\/blog\/wp-json\/wp\/v2\/pages"}],"about":[{"href":"https:\/\/www.donnainfedele.com\/blog\/wp-json\/wp\/v2\/types\/page"}],"author":[{"embeddable":true,"href":"https:\/\/www.donnainfedele.com\/blog\/wp-json\/wp\/v2\/users\/1"}],"replies":[{"embeddable":true,"href":"https:\/\/www.donnainfedele.com\/blog\/wp-json\/wp\/v2\/comments?post=479"}],"version-history":[{"count":2,"href":"https:\/\/www.donnainfedele.com\/blog\/wp-json\/wp\/v2\/pages\/479\/revisions"}],"predecessor-version":[{"id":481,"href":"https:\/\/www.donnainfedele.com\/blog\/wp-json\/wp\/v2\/pages\/479\/revisions\/481"}],"wp:attachment":[{"href":"https:\/\/www.donnainfedele.com\/blog\/wp-json\/wp\/v2\/media?parent=479"}],"curies":[{"name":"wp","href":"https:\/\/api.w.org\/{rel}","templated":true}]}}