{"id":507,"date":"2015-07-15T02:22:06","date_gmt":"2015-07-15T00:22:06","guid":{"rendered":"http:\/\/www.donnainfedele.com\/blog\/?page_id=507"},"modified":"2015-07-15T02:22:06","modified_gmt":"2015-07-15T00:22:06","slug":"incontra-donne-infedeli-a-pescara","status":"publish","type":"page","link":"https:\/\/www.donnainfedele.com\/blog\/incontra-donne-infedeli-a-pescara\/","title":{"rendered":"Incontra donne infedeli a Pescara"},"content":{"rendered":"<h2>Tradimenti e scappatelle a Pescara<\/h2>\n<p>Con il suo splendido litorale Pescara \u00e8 una citt\u00e0 viva e dinamica, dalla fervente vita notturna e quindi dai tanti possibili peccati. Anche a Pescara le donne che cercano una parentesi extraconiugale non avranno molte difficolt\u00e0 a mettersi in gioco. Eppure, spesso, la vita metropolitana \u00e8 troppo frenetica per conoscere nuove persone dal vivo. Meglio, a volte, affidarsi ad internet e scegliere con calma il proprio partner online.<\/p>\n<h2>Le donne infedeli cercano online il loro amante<\/h2>\n<p>Si, oggi le donne infedeli si scelgono online il proprio amante. Online perch\u00e9 la scelta \u00e8 vasta e diversificata, ma anche perch\u00e8 i siti di incontri sono sicuri e discreti, e si pu\u00f2 restare nell&#8217;anonimato. Insomma: scegliere di tradire \u00e8 gi\u00e0 una scelta difficile, internet aiuta a muoversi con circospezione e lasciarsi andare solo quando c&#8217;\u00e8 vero feeling. Chi cerca <strong>donne infedeli online<\/strong>, insomma, sappia che non le trover\u00e0 con molte difficolt\u00e0.<\/p>\n<h2>Donnainfedele.com, vere donne che vogliono tradire<\/h2>\n<p>Esiste un sito dove trovare solo vere donne infedeli o interessate al tradimento? Si, si chiama Donnainfedele e nasce per tutte quelle donne che vogliono evadere dalla routine di coppia cercando nuovi frizzanti incontri. O magari solo un po&#8217; di sexting e di giochini online! Ma Donnainfedele \u00e8 anche un sito dedicato agli uomini, quegli uomini che impazziscono per le donne con il pallino dell&#8217;infedelt\u00e0! Perch\u00e8 si, quando una donna infedele decide di giocare non si risparmia!<\/p>\n<h2>Ecco come conoscere donne infedeli a Pescara<\/h2>\n<p>Certo che il lungomare di Pescara \u00e8 davvero il luogo ideale per incrociare sguardi e corpi di bellissime donne. Ma quante di loro sono impegnate e vogliono davvero tradire? Un modo sicuro per conoscere <strong>donne infedeli a Pescara<\/strong> \u00e8 cercarle online, scorrere i loro profili e incrociare le affinit\u00e0, iniziando una stimolante conversazione e magari andando oltre dopo qualche giorno!<\/p>\n<hr \/>\n<p>&nbsp;<\/p>\n<h3 style=\"text-align: right;\">Marta, 36 anni, Pescara centro<\/h3>\n<blockquote><p>Appena iscritta a Donnainfedele ero un po&#8217; disorientata: cos\u00ec tanti uomini e in pi\u00f9 mi scrivevano anche! Presto per\u00f2 ho capito che potevo usare il sito a mio vantaggio. In verit\u00e0 non avevo mai tradito mio marito, n\u00e8 ho intenzione di farlo, ma semplicemente mi va di giocare, flirtare e fare un po&#8217; di sesso online. E in quale luogo virtuale migliore di questo?<\/p><\/blockquote>\n<h3 style=\"text-align: right;\">Filippo, 30 anni, Pescara Portanuova<\/h3>\n<blockquote><p>Questo sito \u00e8 una vera manna dal cielo! Ne ho provati in tanti di siti di incontri, ma quasi sempre le iscritte non rispondevano o era difficilissimo incontrare. Qui invece ci sono donne veramente intenzionate a tradire o conoscere uomini, donne un po&#8217; monelle che non si fanno problemi anche per una scappatella occasionale. Insomma, sono diventato dipendente da Donnainfedele!<\/p><\/blockquote>\n<h3 style=\"text-align: right;\">Fabiana, 44 anni, Pescara Centro<\/h3>\n<blockquote><p>Dopo 15 anni di matrimonio \u00e8 difficile provare quel brivido che ti danno certi rapporti occasionali, veloci, un pochino peccaminosi. Ecco, io quel brivido volevo riprovarlo, e ho scelto donnainfedele\u00a0per sentirmi ancora femmina, ancora piena di desideri da esaudire. Ho scoperto tantissimi uomini interessanti, ma anche maschietti molto fantasiosi per parentesi extraconiugali di tutto rispetto.<\/p><\/blockquote>\n","protected":false},"excerpt":{"rendered":"<p>Tradimenti e scappatelle a Pescara Con il suo splendido litorale Pescara \u00e8 una citt\u00e0 viva e dinamica, dalla fervente vita notturna e quindi dai tanti possibili [&hellip;]<\/p>\n","protected":false},"author":1,"featured_media":0,"parent":0,"menu_order":0,"comment_status":"open","ping_status":"open","template":"","meta":{"spay_email":"","footnotes":""},"class_list":["post-507","page","type-page","status-publish","hentry"],"yoast_head":"<!-- This site is optimized with the Yoast SEO plugin v18.4.1 - https:\/\/yoast.com\/wordpress\/plugins\/seo\/ -->\n<title>Incontra donne infedeli a Pescara - Blog del Tradimento<\/title>\n<meta name=\"description\" content=\"Vuoi conoscere vere donne infedeli a Pescara e Provincia? Scopri il nostro sito e trova la tua amante ideale, anche per una veloce scappatella.\" \/>\n<meta name=\"robots\" content=\"index, follow, max-snippet:-1, max-image-preview:large, max-video-preview:-1\" \/>\n<link rel=\"canonical\" href=\"https:\/\/www.donnainfedele.com\/blog\/incontra-donne-infedeli-a-pescara\/\" \/>\n<meta property=\"og:locale\" content=\"it_IT\" \/>\n<meta property=\"og:type\" content=\"article\" \/>\n<meta property=\"og:title\" content=\"Incontra donne infedeli a Pescara - Blog del Tradimento\" \/>\n<meta property=\"og:description\" content=\"Vuoi conoscere vere donne infedeli a Pescara e Provincia? Scopri il nostro sito e trova la tua amante ideale, anche per una veloce scappatella.\" \/>\n<meta property=\"og:url\" content=\"https:\/\/www.donnainfedele.com\/blog\/incontra-donne-infedeli-a-pescara\/\" \/>\n<meta property=\"og:site_name\" content=\"Blog del Tradimento\" \/>\n<meta name=\"twitter:label1\" content=\"Tempo di lettura stimato\" \/>\n\t<meta name=\"twitter:data1\" content=\"2 minuti\" \/>\n<script type=\"application\/ld+json\" class=\"yoast-schema-graph\">{\"@context\":\"https:\/\/schema.org\",\"@graph\":[{\"@type\":\"WebSite\",\"@id\":\"https:\/\/www.donnainfedele.com\/blog\/#website\",\"url\":\"https:\/\/www.donnainfedele.com\/blog\/\",\"name\":\"Blog del Tradimento\",\"description\":\"Le donne sposate e infedeli in cerca di uomini sposati e single\",\"potentialAction\":[{\"@type\":\"SearchAction\",\"target\":{\"@type\":\"EntryPoint\",\"urlTemplate\":\"https:\/\/www.donnainfedele.com\/blog\/?s={search_term_string}\"},\"query-input\":\"required name=search_term_string\"}],\"inLanguage\":\"it-IT\"},{\"@type\":\"WebPage\",\"@id\":\"https:\/\/www.donnainfedele.com\/blog\/incontra-donne-infedeli-a-pescara\/#webpage\",\"url\":\"https:\/\/www.donnainfedele.com\/blog\/incontra-donne-infedeli-a-pescara\/\",\"name\":\"Incontra donne infedeli a Pescara - Blog del Tradimento\",\"isPartOf\":{\"@id\":\"https:\/\/www.donnainfedele.com\/blog\/#website\"},\"datePublished\":\"2015-07-15T00:22:06+00:00\",\"dateModified\":\"2015-07-15T00:22:06+00:00\",\"description\":\"Vuoi conoscere vere donne infedeli a Pescara e Provincia? Scopri il nostro sito e trova la tua amante ideale, anche per una veloce scappatella.\",\"breadcrumb\":{\"@id\":\"https:\/\/www.donnainfedele.com\/blog\/incontra-donne-infedeli-a-pescara\/#breadcrumb\"},\"inLanguage\":\"it-IT\",\"potentialAction\":[{\"@type\":\"ReadAction\",\"target\":[\"https:\/\/www.donnainfedele.com\/blog\/incontra-donne-infedeli-a-pescara\/\"]}]},{\"@type\":\"BreadcrumbList\",\"@id\":\"https:\/\/www.donnainfedele.com\/blog\/incontra-donne-infedeli-a-pescara\/#breadcrumb\",\"itemListElement\":[{\"@type\":\"ListItem\",\"position\":1,\"name\":\"Home\",\"item\":\"https:\/\/www.donnainfedele.com\/blog\/\"},{\"@type\":\"ListItem\",\"position\":2,\"name\":\"Incontra donne infedeli a Pescara\"}]}]}<\/script>\n<!-- \/ Yoast SEO plugin. -->","yoast_head_json":{"title":"Incontra donne infedeli a Pescara - Blog del Tradimento","description":"Vuoi conoscere vere donne infedeli a Pescara e Provincia? Scopri il nostro sito e trova la tua amante ideale, anche per una veloce scappatella.","robots":{"index":"index","follow":"follow","max-snippet":"max-snippet:-1","max-image-preview":"max-image-preview:large","max-video-preview":"max-video-preview:-1"},"canonical":"https:\/\/www.donnainfedele.com\/blog\/incontra-donne-infedeli-a-pescara\/","og_locale":"it_IT","og_type":"article","og_title":"Incontra donne infedeli a Pescara - Blog del Tradimento","og_description":"Vuoi conoscere vere donne infedeli a Pescara e Provincia? Scopri il nostro sito e trova la tua amante ideale, anche per una veloce scappatella.","og_url":"https:\/\/www.donnainfedele.com\/blog\/incontra-donne-infedeli-a-pescara\/","og_site_name":"Blog del Tradimento","twitter_misc":{"Tempo di lettura stimato":"2 minuti"},"schema":{"@context":"https:\/\/schema.org","@graph":[{"@type":"WebSite","@id":"https:\/\/www.donnainfedele.com\/blog\/#website","url":"https:\/\/www.donnainfedele.com\/blog\/","name":"Blog del Tradimento","description":"Le donne sposate e infedeli in cerca di uomini sposati e single","potentialAction":[{"@type":"SearchAction","target":{"@type":"EntryPoint","urlTemplate":"https:\/\/www.donnainfedele.com\/blog\/?s={search_term_string}"},"query-input":"required name=search_term_string"}],"inLanguage":"it-IT"},{"@type":"WebPage","@id":"https:\/\/www.donnainfedele.com\/blog\/incontra-donne-infedeli-a-pescara\/#webpage","url":"https:\/\/www.donnainfedele.com\/blog\/incontra-donne-infedeli-a-pescara\/","name":"Incontra donne infedeli a Pescara - Blog del Tradimento","isPartOf":{"@id":"https:\/\/www.donnainfedele.com\/blog\/#website"},"datePublished":"2015-07-15T00:22:06+00:00","dateModified":"2015-07-15T00:22:06+00:00","description":"Vuoi conoscere vere donne infedeli a Pescara e Provincia? Scopri il nostro sito e trova la tua amante ideale, anche per una veloce scappatella.","breadcrumb":{"@id":"https:\/\/www.donnainfedele.com\/blog\/incontra-donne-infedeli-a-pescara\/#breadcrumb"},"inLanguage":"it-IT","potentialAction":[{"@type":"ReadAction","target":["https:\/\/www.donnainfedele.com\/blog\/incontra-donne-infedeli-a-pescara\/"]}]},{"@type":"BreadcrumbList","@id":"https:\/\/www.donnainfedele.com\/blog\/incontra-donne-infedeli-a-pescara\/#breadcrumb","itemListElement":[{"@type":"ListItem","position":1,"name":"Home","item":"https:\/\/www.donnainfedele.com\/blog\/"},{"@type":"ListItem","position":2,"name":"Incontra donne infedeli a Pescara"}]}]}},"jetpack_sharing_enabled":true,"jetpack_shortlink":"https:\/\/wp.me\/P9HlMc-8b","_links":{"self":[{"href":"https:\/\/www.donnainfedele.com\/blog\/wp-json\/wp\/v2\/pages\/507","targetHints":{"allow":["GET"]}}],"collection":[{"href":"https:\/\/www.donnainfedele.com\/blog\/wp-json\/wp\/v2\/pages"}],"about":[{"href":"https:\/\/www.donnainfedele.com\/blog\/wp-json\/wp\/v2\/types\/page"}],"author":[{"embeddable":true,"href":"https:\/\/www.donnainfedele.com\/blog\/wp-json\/wp\/v2\/users\/1"}],"replies":[{"embeddable":true,"href":"https:\/\/www.donnainfedele.com\/blog\/wp-json\/wp\/v2\/comments?post=507"}],"version-history":[{"count":1,"href":"https:\/\/www.donnainfedele.com\/blog\/wp-json\/wp\/v2\/pages\/507\/revisions"}],"predecessor-version":[{"id":508,"href":"https:\/\/www.donnainfedele.com\/blog\/wp-json\/wp\/v2\/pages\/507\/revisions\/508"}],"wp:attachment":[{"href":"https:\/\/www.donnainfedele.com\/blog\/wp-json\/wp\/v2\/media?parent=507"}],"curies":[{"name":"wp","href":"https:\/\/api.w.org\/{rel}","templated":true}]}}