{"id":510,"date":"2015-07-15T02:24:38","date_gmt":"2015-07-15T00:24:38","guid":{"rendered":"http:\/\/www.donnainfedele.com\/blog\/?page_id=510"},"modified":"2015-07-15T02:24:38","modified_gmt":"2015-07-15T00:24:38","slug":"ecco-come-trovare-donne-infedeli-a-perugia","status":"publish","type":"page","link":"https:\/\/www.donnainfedele.com\/blog\/ecco-come-trovare-donne-infedeli-a-perugia\/","title":{"rendered":"Ecco come trovare donne infedeli a Perugia"},"content":{"rendered":"<h2>Incontri extraconiugali a Perugia e provincia<\/h2>\n<p>Le bellissime donne di\u00a0Perugia, capoluogo dell&#8217;Umbria, a volte sono insoddisfatte esattamente come tante altre donne italiane. Insoddisfatte per un rapporto noioso, per la routine, la passione che non c&#8217;\u00e8 pi\u00f9 o la voglia di essere nuovamente al centro dell&#8217;attenzione. Ecco perch\u00e9 queste donne contemplano l&#8217;idea del tradimento. All&#8217;inizio \u00e8 forse solo una fantasia ma con gli ingredienti giusti pu\u00f2 trasformarsi in un&#8217;esperienza vissuta!<\/p>\n<h2>I tradimenti in Italia? Pi\u00f9 di quanti ne immaginiamo&#8230;<\/h2>\n<p>Guardatevi intorno. Quante coppie conoscete? In apparenza vedrete coppie armoniose o comunque solide, ma non \u00e8 detto che i coniugi non abbiano abitudini &#8220;monelle&#8221;! Non siamo noi a ipotizzarlo, ma lo dicono le statistiche: <a title=\"tradire in italia\" href=\"http:\/\/www.lastampa.it\/2011\/03\/25\/societa\/caro-marito-ecco-come-ti-tradisco-P1NBRhyEpIUu0v1nIvzizM\/pagina.html\" target=\"_blank\">nelle citt\u00e0 italiane si tradisce<\/a> e si tradisce tanto. Si tradisce sul luogo di lavoro, con gli amici e con ex storici. Ma soprattutto, anche da quando esiste lo smartphone, si tradisce con il web!<\/p>\n<h2>Donnainfedele per trovare il tuo amante online<\/h2>\n<p>Trovare partner infedeli nella vita di tutti i giorni pu\u00f2 dar luogo a non pochi problemi. Meglio, dunque, affidarsi al web iscrivendosi a un buon sito di dating come Donnainfedele, una piattaforma dedicata al 100% a donne e uomini che vogliono tradire e fare incontri extraconiugali. Cosa aspetti? Provare \u00e8 semplice, e solo qui troverai ragazze e donne veramente interessate a tradire!<\/p>\n<h2>I segreti per fare incontri infedeli a Perugia<\/h2>\n<p>Anche le <strong>donne infedeli a Perugia<\/strong> hanno le loro esigenze. Non vogliono essere scoperte e cercano uomini che coincidano con i loro interessi e le loro fantasie. Ecco perch\u00e8, per aumentare le possibilit\u00e0 di incontrare questi uomini, si iscrivono a siti di incontri. E descrivono i loro desideri pi\u00f9 intimi, lanciando l&#8217;amo per trovare anche il partner di una sola notte&#8230;<\/p>\n<hr \/>\n<p>&nbsp;<\/p>\n<h3 style=\"text-align: right;\">Gabriella, 33 anni, Perugia Centro<\/h3>\n<blockquote><p>Da quando sono iscritta a Donnainfedele la mia vita \u00e8 cambiata. Avevo un rapporto di coppia stabile, ma non ero per niente soddisfatta. Ho iniziato con le mie prime esperienze infedeli 2 anni fa, poi ho conosciuto diverse persone dal sito e ho capito che avevo solo voglia di divertirmi! Voglio vivere ancora qualche anno di spensieratezza, al resto penser\u00f2 dopo: ecco perch\u00e9 ho lasciato il mio partner e ora mi vivo i miei incontri in tutta libert\u00e0!<\/p><\/blockquote>\n<h3 style=\"text-align: right;\">Viviana, 49 anni, Peugia Sant&#8217;Andrea<\/h3>\n<blockquote><p>Dopo anni di matrimonio \u00e8 facile che la sessualit\u00e0 diventi qualcosa di abitudinario, di noioso. Ho scoperto per caso Donnainfedele e dopo un po&#8217; di reticenza iniziale ho deciso di iscrivermi. Tantissimi uomini mi contattavano, non li ho mai presi sul serio finch\u00e9 ho incontrato lui&#8230;lui che ora \u00e8 il mio amante fisso, occasionale ma pur sempre fisso.<\/p><\/blockquote>\n<h3 style=\"text-align: right;\">Paolo, 41 anni, Perugia Centro<\/h3>\n<blockquote><p>La vita coniugale ha i suoi lati positivi, ma per un uomo che \u00e8 attratto dalle donne come me, senza tregue, \u00e8 difficile resistere alle tentazioni! Si, sono un buon padre di famiglia ma di tanto in tanto mi piace avere le mie scappatelle, tutte di breve durata. E su questo sito \u00e8 veramente semplice trovare donne disponibili, calde, ironiche e pronte a giocare. Una miniera d&#8217;oro!<\/p><\/blockquote>\n<p>&nbsp;<\/p>\n","protected":false},"excerpt":{"rendered":"<p>Incontri extraconiugali a Perugia e provincia Le bellissime donne di\u00a0Perugia, capoluogo dell&#8217;Umbria, a volte sono insoddisfatte esattamente come tante altre donne italiane. Insoddisfatte per un rapporto [&hellip;]<\/p>\n","protected":false},"author":1,"featured_media":0,"parent":0,"menu_order":0,"comment_status":"open","ping_status":"open","template":"","meta":{"spay_email":"","footnotes":""},"class_list":["post-510","page","type-page","status-publish","hentry"],"yoast_head":"<!-- This site is optimized with the Yoast SEO plugin v18.4.1 - https:\/\/yoast.com\/wordpress\/plugins\/seo\/ -->\n<title>Ecco come trovare donne infedeli a Perugia - Blog del Tradimento<\/title>\n<meta name=\"description\" content=\"Dove puoi trovare o incontrare vere donne infedeli a Perugia e provincia? Solo sul web! Scopri cosa vogliono le perugine in cerca di un amante.\" \/>\n<meta name=\"robots\" content=\"index, follow, max-snippet:-1, max-image-preview:large, max-video-preview:-1\" \/>\n<link rel=\"canonical\" href=\"https:\/\/www.donnainfedele.com\/blog\/ecco-come-trovare-donne-infedeli-a-perugia\/\" \/>\n<meta property=\"og:locale\" content=\"it_IT\" \/>\n<meta property=\"og:type\" content=\"article\" \/>\n<meta property=\"og:title\" content=\"Ecco come trovare donne infedeli a Perugia - Blog del Tradimento\" \/>\n<meta property=\"og:description\" content=\"Dove puoi trovare o incontrare vere donne infedeli a Perugia e provincia? Solo sul web! Scopri cosa vogliono le perugine in cerca di un amante.\" \/>\n<meta property=\"og:url\" content=\"https:\/\/www.donnainfedele.com\/blog\/ecco-come-trovare-donne-infedeli-a-perugia\/\" \/>\n<meta property=\"og:site_name\" content=\"Blog del Tradimento\" \/>\n<meta name=\"twitter:label1\" content=\"Tempo di lettura stimato\" \/>\n\t<meta name=\"twitter:data1\" content=\"2 minuti\" \/>\n<script type=\"application\/ld+json\" class=\"yoast-schema-graph\">{\"@context\":\"https:\/\/schema.org\",\"@graph\":[{\"@type\":\"WebSite\",\"@id\":\"https:\/\/www.donnainfedele.com\/blog\/#website\",\"url\":\"https:\/\/www.donnainfedele.com\/blog\/\",\"name\":\"Blog del Tradimento\",\"description\":\"Le donne sposate e infedeli in cerca di uomini sposati e single\",\"potentialAction\":[{\"@type\":\"SearchAction\",\"target\":{\"@type\":\"EntryPoint\",\"urlTemplate\":\"https:\/\/www.donnainfedele.com\/blog\/?s={search_term_string}\"},\"query-input\":\"required name=search_term_string\"}],\"inLanguage\":\"it-IT\"},{\"@type\":\"WebPage\",\"@id\":\"https:\/\/www.donnainfedele.com\/blog\/ecco-come-trovare-donne-infedeli-a-perugia\/#webpage\",\"url\":\"https:\/\/www.donnainfedele.com\/blog\/ecco-come-trovare-donne-infedeli-a-perugia\/\",\"name\":\"Ecco come trovare donne infedeli a Perugia - Blog del Tradimento\",\"isPartOf\":{\"@id\":\"https:\/\/www.donnainfedele.com\/blog\/#website\"},\"datePublished\":\"2015-07-15T00:24:38+00:00\",\"dateModified\":\"2015-07-15T00:24:38+00:00\",\"description\":\"Dove puoi trovare o incontrare vere donne infedeli a Perugia e provincia? Solo sul web! Scopri cosa vogliono le perugine in cerca di un amante.\",\"breadcrumb\":{\"@id\":\"https:\/\/www.donnainfedele.com\/blog\/ecco-come-trovare-donne-infedeli-a-perugia\/#breadcrumb\"},\"inLanguage\":\"it-IT\",\"potentialAction\":[{\"@type\":\"ReadAction\",\"target\":[\"https:\/\/www.donnainfedele.com\/blog\/ecco-come-trovare-donne-infedeli-a-perugia\/\"]}]},{\"@type\":\"BreadcrumbList\",\"@id\":\"https:\/\/www.donnainfedele.com\/blog\/ecco-come-trovare-donne-infedeli-a-perugia\/#breadcrumb\",\"itemListElement\":[{\"@type\":\"ListItem\",\"position\":1,\"name\":\"Home\",\"item\":\"https:\/\/www.donnainfedele.com\/blog\/\"},{\"@type\":\"ListItem\",\"position\":2,\"name\":\"Ecco come trovare donne infedeli a Perugia\"}]}]}<\/script>\n<!-- \/ Yoast SEO plugin. -->","yoast_head_json":{"title":"Ecco come trovare donne infedeli a Perugia - Blog del Tradimento","description":"Dove puoi trovare o incontrare vere donne infedeli a Perugia e provincia? Solo sul web! Scopri cosa vogliono le perugine in cerca di un amante.","robots":{"index":"index","follow":"follow","max-snippet":"max-snippet:-1","max-image-preview":"max-image-preview:large","max-video-preview":"max-video-preview:-1"},"canonical":"https:\/\/www.donnainfedele.com\/blog\/ecco-come-trovare-donne-infedeli-a-perugia\/","og_locale":"it_IT","og_type":"article","og_title":"Ecco come trovare donne infedeli a Perugia - Blog del Tradimento","og_description":"Dove puoi trovare o incontrare vere donne infedeli a Perugia e provincia? Solo sul web! Scopri cosa vogliono le perugine in cerca di un amante.","og_url":"https:\/\/www.donnainfedele.com\/blog\/ecco-come-trovare-donne-infedeli-a-perugia\/","og_site_name":"Blog del Tradimento","twitter_misc":{"Tempo di lettura stimato":"2 minuti"},"schema":{"@context":"https:\/\/schema.org","@graph":[{"@type":"WebSite","@id":"https:\/\/www.donnainfedele.com\/blog\/#website","url":"https:\/\/www.donnainfedele.com\/blog\/","name":"Blog del Tradimento","description":"Le donne sposate e infedeli in cerca di uomini sposati e single","potentialAction":[{"@type":"SearchAction","target":{"@type":"EntryPoint","urlTemplate":"https:\/\/www.donnainfedele.com\/blog\/?s={search_term_string}"},"query-input":"required name=search_term_string"}],"inLanguage":"it-IT"},{"@type":"WebPage","@id":"https:\/\/www.donnainfedele.com\/blog\/ecco-come-trovare-donne-infedeli-a-perugia\/#webpage","url":"https:\/\/www.donnainfedele.com\/blog\/ecco-come-trovare-donne-infedeli-a-perugia\/","name":"Ecco come trovare donne infedeli a Perugia - Blog del Tradimento","isPartOf":{"@id":"https:\/\/www.donnainfedele.com\/blog\/#website"},"datePublished":"2015-07-15T00:24:38+00:00","dateModified":"2015-07-15T00:24:38+00:00","description":"Dove puoi trovare o incontrare vere donne infedeli a Perugia e provincia? Solo sul web! Scopri cosa vogliono le perugine in cerca di un amante.","breadcrumb":{"@id":"https:\/\/www.donnainfedele.com\/blog\/ecco-come-trovare-donne-infedeli-a-perugia\/#breadcrumb"},"inLanguage":"it-IT","potentialAction":[{"@type":"ReadAction","target":["https:\/\/www.donnainfedele.com\/blog\/ecco-come-trovare-donne-infedeli-a-perugia\/"]}]},{"@type":"BreadcrumbList","@id":"https:\/\/www.donnainfedele.com\/blog\/ecco-come-trovare-donne-infedeli-a-perugia\/#breadcrumb","itemListElement":[{"@type":"ListItem","position":1,"name":"Home","item":"https:\/\/www.donnainfedele.com\/blog\/"},{"@type":"ListItem","position":2,"name":"Ecco come trovare donne infedeli a Perugia"}]}]}},"jetpack_sharing_enabled":true,"jetpack_shortlink":"https:\/\/wp.me\/P9HlMc-8e","_links":{"self":[{"href":"https:\/\/www.donnainfedele.com\/blog\/wp-json\/wp\/v2\/pages\/510","targetHints":{"allow":["GET"]}}],"collection":[{"href":"https:\/\/www.donnainfedele.com\/blog\/wp-json\/wp\/v2\/pages"}],"about":[{"href":"https:\/\/www.donnainfedele.com\/blog\/wp-json\/wp\/v2\/types\/page"}],"author":[{"embeddable":true,"href":"https:\/\/www.donnainfedele.com\/blog\/wp-json\/wp\/v2\/users\/1"}],"replies":[{"embeddable":true,"href":"https:\/\/www.donnainfedele.com\/blog\/wp-json\/wp\/v2\/comments?post=510"}],"version-history":[{"count":1,"href":"https:\/\/www.donnainfedele.com\/blog\/wp-json\/wp\/v2\/pages\/510\/revisions"}],"predecessor-version":[{"id":511,"href":"https:\/\/www.donnainfedele.com\/blog\/wp-json\/wp\/v2\/pages\/510\/revisions\/511"}],"wp:attachment":[{"href":"https:\/\/www.donnainfedele.com\/blog\/wp-json\/wp\/v2\/media?parent=510"}],"curies":[{"name":"wp","href":"https:\/\/api.w.org\/{rel}","templated":true}]}}