{"id":526,"date":"2015-07-15T18:16:42","date_gmt":"2015-07-15T16:16:42","guid":{"rendered":"http:\/\/www.donnainfedele.com\/blog\/?page_id=526"},"modified":"2015-07-15T18:16:42","modified_gmt":"2015-07-15T16:16:42","slug":"ecco-come-incontrare-una-donna-infedele-a-genova","status":"publish","type":"page","link":"https:\/\/www.donnainfedele.com\/blog\/ecco-come-incontrare-una-donna-infedele-a-genova\/","title":{"rendered":"Ecco come incontrare una donna infedele a Genova"},"content":{"rendered":"<h2>Incontri infedeli a Genova<\/h2>\n<p>Genova \u00e8 una citt\u00e0 genuina e vivace, dove le donne sanno divertirsi e vivere i rapporti con grande passionalit\u00e0. Anche qui puoi avere veri incontri infedeli, ma di certo \u00e8 difficile trovare donne che tradiscono e farlo con una certa frequenza, poich\u00e8 ragazze e donne infedeli amano farlo nell&#8217;ombra. Per fortuna che il web ci assiste: oggi basta un click e davanti a noi appariranno decine di ragazze da incontrare per i nostri momenti extraconiugali.<\/p>\n<h2>Le italiane cercano scappatelle extraconiugali<\/h2>\n<p>Solo pochi anni fa la situazione era molto diversa. Ma oggi le donne e le ragazze italiane, sposate o fidanzate, ogni tanto cercano qualche scappatella e si sentono in diritto di farlo. La tanto auspicata parit\u00e0 dei sessi \u00e8 una realt\u00e0, e il tradimento non \u00e8 pi\u00f9 una prerogativa soltanto del maschio italico! S vuoi incontrare una vera donna infedele a Genova, dunque, potrai restare sorpreso: potrebbe essere pi\u00f9 facile di quanto immagini!<\/p>\n<h2>Donnainfedele.com, per tradire sul web<\/h2>\n<p>Donnainfedele.com \u00e8 un sito dedicato alle donne che vogliono tradire, o a quelle donne che si sentono curiose e un po&#8217; monelle, alla ricerca di piccoli flirt extraconiugali o semplicemente di un sexting\u00a0online. Ma \u00e8 anche un sito dedicato agli uomini, che qui troveranno migliaia di potenziali partner per i loro momenti di passione ed evasione. Cosa aspetti? Iscriversi \u00e8 semplicissimo e migliaia di donne attendono solo te!<\/p>\n<h2>Anche a Genova trova la tua amante online<\/h2>\n<p>Che tu viva a Genova centro o in periferia, affacciato sul mare, oggi sar\u00e0 pi\u00f9 semplice per te incontrare una vera donna infedele genovese. Si, perch\u00e8 potrai selezionare fra tutti i profili delle donne di Genova quelli che catturano la tua attenzione, contattare le persone e ricevere una risposta in pochi minuti, sperando che l&#8217;interesse si tramuti in feeling reciproco!<\/p>\n<hr \/>\n<p>&nbsp;<\/p>\n<h3 style=\"text-align: right;\">Miriam, 33 anni, Genova Brignole<\/h3>\n<blockquote><p>Mi chiamo Miriam e sono una donna infedele. Infedele part-time, mi viene da dire, ma ogni tanto adoro concedermi qualche scappatella per uscire dalla routine. Da quando ho scoperto Donnainfedele \u00e8 tutto pi\u00f9 semplice: devo solo aspettare, e decine di uomini mi scriveranno! L&#8217;unica difficolt\u00e0 \u00e8 scegliere, visto che le persone sono davvero interessanti!<\/p><\/blockquote>\n<h3 style=\"text-align: right;\">Fabio, 38 anni, Genova Centro<\/h3>\n<blockquote><p>Quando mi sono iscritto su Donnainfedele non credevo potesse esistere un sito davvero dedicato alle persone che vogliono tradire. Sono stato smentito: qui tutte le femminucce sono incuriosite dal tradimento, e se non cercano subito un partner ci stanno pensando, e sono disposte a cadere in tentazione. Quanto ci ho messo a incontrare la prima persona conosciuta online? Solo 8 giorni!<\/p><\/blockquote>\n<h3 style=\"text-align: right;\">Veronica, 44 anni, Genova Ponente<\/h3>\n<blockquote><p>Io sono Veronica, genovese Doc, sposata da 20 anni e senza figli. Con mio marito abbiamo un rapporto molto libero, ci concediamo spesso evasioni dalla coppia e qualche volta abbiamo anche provato degli scambi. Quindi che dire..Non aspetto altro che incontrare bei maschietti focosi in cerca di una cougar in gran forma&#8230;il resto verr\u00e0 da s\u00e8!<\/p><\/blockquote>\n","protected":false},"excerpt":{"rendered":"<p>Incontri infedeli a Genova Genova \u00e8 una citt\u00e0 genuina e vivace, dove le donne sanno divertirsi e vivere i rapporti con grande passionalit\u00e0. Anche qui puoi [&hellip;]<\/p>\n","protected":false},"author":1,"featured_media":0,"parent":0,"menu_order":0,"comment_status":"open","ping_status":"open","template":"","meta":{"spay_email":"","footnotes":""},"class_list":["post-526","page","type-page","status-publish","hentry"],"yoast_head":"<!-- This site is optimized with the Yoast SEO plugin v18.4.1 - https:\/\/yoast.com\/wordpress\/plugins\/seo\/ -->\n<title>Ecco come incontrare una donna infedele a Genova - Blog del Tradimento<\/title>\n<meta name=\"description\" content=\"Vuoi incontrare una vera donna infedele a Genova? oggi puoi farlo online e senza pensieri, scegliendo tra migliaia di donne e ragazze genovesi.\" \/>\n<meta name=\"robots\" content=\"index, follow, max-snippet:-1, max-image-preview:large, max-video-preview:-1\" \/>\n<link rel=\"canonical\" href=\"https:\/\/www.donnainfedele.com\/blog\/ecco-come-incontrare-una-donna-infedele-a-genova\/\" \/>\n<meta property=\"og:locale\" content=\"it_IT\" \/>\n<meta property=\"og:type\" content=\"article\" \/>\n<meta property=\"og:title\" content=\"Ecco come incontrare una donna infedele a Genova - Blog del Tradimento\" \/>\n<meta property=\"og:description\" content=\"Vuoi incontrare una vera donna infedele a Genova? oggi puoi farlo online e senza pensieri, scegliendo tra migliaia di donne e ragazze genovesi.\" \/>\n<meta property=\"og:url\" content=\"https:\/\/www.donnainfedele.com\/blog\/ecco-come-incontrare-una-donna-infedele-a-genova\/\" \/>\n<meta property=\"og:site_name\" content=\"Blog del Tradimento\" \/>\n<meta name=\"twitter:label1\" content=\"Tempo di lettura stimato\" \/>\n\t<meta name=\"twitter:data1\" content=\"2 minuti\" \/>\n<script type=\"application\/ld+json\" class=\"yoast-schema-graph\">{\"@context\":\"https:\/\/schema.org\",\"@graph\":[{\"@type\":\"WebSite\",\"@id\":\"https:\/\/www.donnainfedele.com\/blog\/#website\",\"url\":\"https:\/\/www.donnainfedele.com\/blog\/\",\"name\":\"Blog del Tradimento\",\"description\":\"Le donne sposate e infedeli in cerca di uomini sposati e single\",\"potentialAction\":[{\"@type\":\"SearchAction\",\"target\":{\"@type\":\"EntryPoint\",\"urlTemplate\":\"https:\/\/www.donnainfedele.com\/blog\/?s={search_term_string}\"},\"query-input\":\"required name=search_term_string\"}],\"inLanguage\":\"it-IT\"},{\"@type\":\"WebPage\",\"@id\":\"https:\/\/www.donnainfedele.com\/blog\/ecco-come-incontrare-una-donna-infedele-a-genova\/#webpage\",\"url\":\"https:\/\/www.donnainfedele.com\/blog\/ecco-come-incontrare-una-donna-infedele-a-genova\/\",\"name\":\"Ecco come incontrare una donna infedele a Genova - Blog del Tradimento\",\"isPartOf\":{\"@id\":\"https:\/\/www.donnainfedele.com\/blog\/#website\"},\"datePublished\":\"2015-07-15T16:16:42+00:00\",\"dateModified\":\"2015-07-15T16:16:42+00:00\",\"description\":\"Vuoi incontrare una vera donna infedele a Genova? oggi puoi farlo online e senza pensieri, scegliendo tra migliaia di donne e ragazze genovesi.\",\"breadcrumb\":{\"@id\":\"https:\/\/www.donnainfedele.com\/blog\/ecco-come-incontrare-una-donna-infedele-a-genova\/#breadcrumb\"},\"inLanguage\":\"it-IT\",\"potentialAction\":[{\"@type\":\"ReadAction\",\"target\":[\"https:\/\/www.donnainfedele.com\/blog\/ecco-come-incontrare-una-donna-infedele-a-genova\/\"]}]},{\"@type\":\"BreadcrumbList\",\"@id\":\"https:\/\/www.donnainfedele.com\/blog\/ecco-come-incontrare-una-donna-infedele-a-genova\/#breadcrumb\",\"itemListElement\":[{\"@type\":\"ListItem\",\"position\":1,\"name\":\"Home\",\"item\":\"https:\/\/www.donnainfedele.com\/blog\/\"},{\"@type\":\"ListItem\",\"position\":2,\"name\":\"Ecco come incontrare una donna infedele a Genova\"}]}]}<\/script>\n<!-- \/ Yoast SEO plugin. -->","yoast_head_json":{"title":"Ecco come incontrare una donna infedele a Genova - Blog del Tradimento","description":"Vuoi incontrare una vera donna infedele a Genova? oggi puoi farlo online e senza pensieri, scegliendo tra migliaia di donne e ragazze genovesi.","robots":{"index":"index","follow":"follow","max-snippet":"max-snippet:-1","max-image-preview":"max-image-preview:large","max-video-preview":"max-video-preview:-1"},"canonical":"https:\/\/www.donnainfedele.com\/blog\/ecco-come-incontrare-una-donna-infedele-a-genova\/","og_locale":"it_IT","og_type":"article","og_title":"Ecco come incontrare una donna infedele a Genova - Blog del Tradimento","og_description":"Vuoi incontrare una vera donna infedele a Genova? oggi puoi farlo online e senza pensieri, scegliendo tra migliaia di donne e ragazze genovesi.","og_url":"https:\/\/www.donnainfedele.com\/blog\/ecco-come-incontrare-una-donna-infedele-a-genova\/","og_site_name":"Blog del Tradimento","twitter_misc":{"Tempo di lettura stimato":"2 minuti"},"schema":{"@context":"https:\/\/schema.org","@graph":[{"@type":"WebSite","@id":"https:\/\/www.donnainfedele.com\/blog\/#website","url":"https:\/\/www.donnainfedele.com\/blog\/","name":"Blog del Tradimento","description":"Le donne sposate e infedeli in cerca di uomini sposati e single","potentialAction":[{"@type":"SearchAction","target":{"@type":"EntryPoint","urlTemplate":"https:\/\/www.donnainfedele.com\/blog\/?s={search_term_string}"},"query-input":"required name=search_term_string"}],"inLanguage":"it-IT"},{"@type":"WebPage","@id":"https:\/\/www.donnainfedele.com\/blog\/ecco-come-incontrare-una-donna-infedele-a-genova\/#webpage","url":"https:\/\/www.donnainfedele.com\/blog\/ecco-come-incontrare-una-donna-infedele-a-genova\/","name":"Ecco come incontrare una donna infedele a Genova - Blog del Tradimento","isPartOf":{"@id":"https:\/\/www.donnainfedele.com\/blog\/#website"},"datePublished":"2015-07-15T16:16:42+00:00","dateModified":"2015-07-15T16:16:42+00:00","description":"Vuoi incontrare una vera donna infedele a Genova? oggi puoi farlo online e senza pensieri, scegliendo tra migliaia di donne e ragazze genovesi.","breadcrumb":{"@id":"https:\/\/www.donnainfedele.com\/blog\/ecco-come-incontrare-una-donna-infedele-a-genova\/#breadcrumb"},"inLanguage":"it-IT","potentialAction":[{"@type":"ReadAction","target":["https:\/\/www.donnainfedele.com\/blog\/ecco-come-incontrare-una-donna-infedele-a-genova\/"]}]},{"@type":"BreadcrumbList","@id":"https:\/\/www.donnainfedele.com\/blog\/ecco-come-incontrare-una-donna-infedele-a-genova\/#breadcrumb","itemListElement":[{"@type":"ListItem","position":1,"name":"Home","item":"https:\/\/www.donnainfedele.com\/blog\/"},{"@type":"ListItem","position":2,"name":"Ecco come incontrare una donna infedele a Genova"}]}]}},"jetpack_sharing_enabled":true,"jetpack_shortlink":"https:\/\/wp.me\/P9HlMc-8u","_links":{"self":[{"href":"https:\/\/www.donnainfedele.com\/blog\/wp-json\/wp\/v2\/pages\/526","targetHints":{"allow":["GET"]}}],"collection":[{"href":"https:\/\/www.donnainfedele.com\/blog\/wp-json\/wp\/v2\/pages"}],"about":[{"href":"https:\/\/www.donnainfedele.com\/blog\/wp-json\/wp\/v2\/types\/page"}],"author":[{"embeddable":true,"href":"https:\/\/www.donnainfedele.com\/blog\/wp-json\/wp\/v2\/users\/1"}],"replies":[{"embeddable":true,"href":"https:\/\/www.donnainfedele.com\/blog\/wp-json\/wp\/v2\/comments?post=526"}],"version-history":[{"count":1,"href":"https:\/\/www.donnainfedele.com\/blog\/wp-json\/wp\/v2\/pages\/526\/revisions"}],"predecessor-version":[{"id":527,"href":"https:\/\/www.donnainfedele.com\/blog\/wp-json\/wp\/v2\/pages\/526\/revisions\/527"}],"wp:attachment":[{"href":"https:\/\/www.donnainfedele.com\/blog\/wp-json\/wp\/v2\/media?parent=526"}],"curies":[{"name":"wp","href":"https:\/\/api.w.org\/{rel}","templated":true}]}}